51
In base 12, what is -738 - a47b?
-abb7
In base 5, what is 2 + -11031043110?
-11031043103
In base 11, what is -2574 + a470?
79a7
In base 8, what is 3146 + 102661?
106027
In base 7, what is -2 + -661321166?
-661321201
In base 3, what is 202121122 + 11012?
202202211
In base 8, what is -57303 + 532?
-56551
In base 5, what is 4211 - 3432222?
-3423011
In base 7, what is 11 - -4124446?
4124460
In base 8, what is -1713174 - -30?
-1713144
In base 2, what is 110100100000110 - -1110011001?
110110010011111
In base 15, what is d55a10 + 6?
d55a16
In base 9, what is -2 - -83151856?
83151854
In base 15, what is 1 - -46456e?
464570
In base 5, what is 22414213 + 1324?
22421042
In base 2, what is 1001010 - 10011011001011111?
-10011011000010101
In base 14, what is 147bc - 2b?
14791
In base 14, what is -1b1 + 30c00?
30a2d
In base 11, what is 169 - 22645?
-22487
In base 15, what is a4318a + 3?
a4318d
In base 8, what is -46721337 + -22?
-46721361
In base 13, what is -3 - 491c053?
-491c056
In base 5, what is 10 + -3222220312?
-3222220302
In base 2, what is 101111110110111010100110 - -11?
101111110110111010101001
In base 13, what is -2161089 + 1?
-2161088
In base 16, what is 712db - -2f?
7130a
In base 8, what is -2326501 + 3?
-2326476
In base 7, what is -2 + -452555323?
-452555325
In base 13, what is 139a452 + 3?
139a455
In base 13, what is -25 - 20410b?
-204133
In base 14, what is 159bc + -b8a?
14c32
In base 4, what is -2132111 - 32232?
-2231003
In base 13, what is -5501 + 79ab?
24aa
In base 13, what is 5292 - 21a?
5075
In base 5, what is -121 + 14434232?
14434111
In base 7, what is -24355542626 + 2?
-24355542624
In base 15, what is -6 - -2884a9?
2884a3
In base 16, what is 2 - 64e525?
-64e523
In base 13, what is -1c2068 + -3b?
-1c20a6
In base 8, what is -431 + 1526525?
1526074
In base 16, what is -4579992 - -7?
-457998b
In base 10, what is -8532857 - -7?
-8532850
In base 11, what is -18142732 + -5?
-18142737
In base 13, what is 3739a84 - -3?
3739a87
In base 14, what is -23c - -29c9?
278b
In base 5, what is 102443 - -10034232?
10142230
In base 7, what is 33 + -15414200?
-15414134
In base 8, what is -272 + 54270?
53776
In base 15, what is 6628c486 + 4?
6628c48a
In base 10, what is 0 - 156261637?
-156261637
In base 11, what is 57a4359 - -1?
57a435a
In base 5, what is 12004 + -241123?
-224114
In base 12, what is -7ba0 - 35?
-8015
In base 6, what is -1223024505 - 5?
-1223024514
In base 13, what is -4b - a42c5?
-a4343
In base 10, what is 222407217 + -4?
222407213
In base 3, what is -2 - 12201120001102?
-12201120001111
In base 7, what is -344463 - 3040?
-350533
In base 8, what is -1461024547 + -3?
-1461024552
In base 8, what is 75 - -1105052?
1105147
In base 4, what is 1031133311211 + -1?
1031133311210
In base 15, what is 7d1a4eb - -2?
7d1a4ed
In base 6, what is -542131533 + -34?
-542132011
In base 10, what is 4 - -64652101?
64652105
In base 8, what is -571 - 1223433?
-1224224
In base 10, what is -739525 + -28?
-739553
In base 4, what is -1001323320 - 22?
-1001330002
In base 12, what is 44ab4 - -47a9?
496a1
In base 10, what is 9 - -122746?
122755
In base 6, what is 114001 + -1521?
112040
In base 14, what is 1031 - 1c463?
-1b432
In base 12, what is -5 + -1a95498b?
-1a954994
In base 6, what is 25253 + 555222?
1024515
In base 15, what is 4c4866 - -4a?
4c48b1
In base 9, what is 201552208 - 2?
201552206
In base 7, what is -105150 + -216465?
-324645
In base 16, what is 1 - 82be5e?
-82be5d
In base 16, what is -83cfe4 - -5?
-83cfdf
In base 16, what is -4 + 335b8b?
335b87
In base 13, what is -216b88b8 + 5?
-216b88b3
In base 5, what is -10301 - -2300202?
2234401
In base 8, what is -3007430 - 333?
-3007763
In base 9, what is 142455 - -2?
142457
In base 2, what is -1010111000 - 1000100110010001101?
-1000100111101000101
In base 14, what is -1 - 3133d860?
-3133d861
In base 6, what is 4 - -52030253052?
52030253100
In base 9, what is 535 - 18266?
-17631
In base 6, what is 2 + 100542101?
100542103
In base 3, what is 1120121021020 - 1100?
1120121012220
In base 6, what is -140 - 110310?
-110450
In base 13, what is 69784 + 128?
698ac
In base 8, what is -52527 + -2606?
-55335
In base 10, what is 750141 + 8?
750149
In base 11, what is -211 + 360161?
35aa50
In base 10, what is 70714225 - 3?
70714222
In base 5, what is -114111 - -23001?
-41110
In base 8, what is -3017672537 - -4?
-3017672533
In base 10, what is 138891 + 371?
139262
In base 4, what is 1020111 - -131120331?
132201102
In base 11, what is 3 + 8237a2?
8237a5
In base 11, what is -173885 + 42?
-173843
In base 2, what is 1110 + 1011111001111000010000101?
1011111001111000010010011
In base 14, what is -1 + 2c1ba3b?
2c1ba3a
In base 5, what is -223001402 + 203?
-223001144
In base 5, what is -2020104 - 3042?
-2023201
In base 15, what is 15 + -372844?
-37282e
In base 15, what is 774537 + -10?
774527
In base 5, what is 1340 + -1240421?
-1234031
In base 7, what is 105 - 22361?
-22253
In base 7, what is 2 - -11624565?
11624600
In base 3, what is 100100120222221 - -22?
100100121000020
In base 6, what is -2135 + -5223?
-11402
In base 15, what is 14c69 + -71?
14be8
In base 2, what is 10000 - 11001011001010111001001?
-11001011001010110111001
In base 10, what is -533494 - 9?
-533503
In base 14, what is 6589d3 - 3?
6589d0
In base 4, what is 2132110301 - 200?
2132110101
In base 13, what is -36a + -6898?
-6c35
In base 15, what is e5 - 43e901?
-43e80b
In base 9, what is -3 + -31048278?
-31048282
In base 13, what is 5124 - 1847?
35aa
In base 3, what is -22001 - -112210220?
112111212
In base 12, what is -10 + -169b15?
-169b25
In base 15, what is 13b6 - -5782?
6b48
In base 5, what is 1030 - 20100020?
-20043440
In base 3, what is 201112000020121 + 12?
201112000020210
In base 11, what is 0 + -2523070?
-2523070
In base 16, what is -4 - 17c0dd5?
-17c0dd9
In base 5, what is 0 - -14132130230?
14132130230
In base 13, what is 297 + -408cc?
-40635
In base 7, what is 66 - 142262?
-142163
In base 12, what is a45395 + 3b?
a45414
In base 2, what is -10011101011000 - 1001?
-10011101100001
In base 14, what is 4b6440 + 42?
4b6482
In base 5, what is -100430441 - 1?
-100430442
In base 15, what is 1150 - -1835?
2985
In base 11, what is 272a0920 - 3?
272a0918
In base 8, what is -2572631 + 7?
-2572622
In base 16, what is 29a - -4367?
4601
In base 13, what is -c3c3 + 7?
-c3b9
In base 3, what is 101222022221 - 11111?
101222011110
In base 15, what is -52 + 2d35a?
2d308
In base 10, what is 1235 - 533528?
-532293
In base 11, what is -22a6a15 + 1?
-22a6a14
In base 7, what is -41666 - -221?
-41445
In base 6, what is 151 - -53503532?
53504123
In base 11, what is -211294 + -83?
-211367
In base 6, what is 2315101 + -21211?
2253450
In base 8, what is 33336 - -2406?
35744
In base 2, what is 1000110111001011 - 10111?
1000110110110100
In base 16, what is 552ed + -507?
54de6
In base 10, what is -1124 - -76781?
75657
In base 14, what is 1a + 21b61?
21b7b
In base 5, what is 2 + -21243423?
-21243421
In base 15, what is 79 - -3eb40?
3ebb9
In base 5, what is -24122114 + -14344?
-24142013
In base 14, what is -26dc - d6d?
-366b
In base 6, what is -14341 + 120221?
101440
In base 15, what is -56d3c - -3e?
-56ced
In base 16, what is -cf2bc1b + -3?
-cf2bc1e
In base 12, what is -1116b + 8074?
-50b7
In base 16, what is 5d0d4 + ab1?
5db85
In base 2, what is -10011101110 - -111001001101?
100101011111
In base 15, what is 5b1 - -52?
613
In base 13, what is -781a - 36?
-7853
In base 14, what is -14a260c + 1?
-14a260b
In base 8, what is 6516260 - 34?
6516224
In base 7, what is 20 + 330614640?
330614660
In base 16, what is 3 - 547ac18?
-547ac15
In base 16, what is -a7a4bc7 - 3?
-a7a4bca
In base 15, what is 3e670a9 - 7?
3e670a2
In base 14, what is 49b79b6 + -4?
49b79b2
In base 16, what is -14 + 656fc4?
656fb0
In base 8, what is 11 + -24024574?
-24024563
In base 4, what is 2300 - -211231213?
211300113
In base 6, what is -230131415 - -12?
-230131403
In base 13, what is 4180cbb + 2?
4180cc0
In base 10, what is 26576804 - -4?
26576808
In base 13, what is 15621c1 - -4?
15621c5
In base 14, what is 892b36b + 5?
892b372
In base 15, what is -760ad + 17?
-76096
In base 12, what is -15b3 - -119a1?
103aa
In base 13, what is 8c85 - c20?
8065
In base 8, what is -5 + 1743117?
1743112
In base 2, what is -1 + 11001100100000